mmon factor of q and 11?
11
Let b be 399/9 + 4/6. Suppose 1 = 5*r + 16. Let t be 27 - (0 - (-9)/r). What is the highest common divisor of t and b?
15
Suppose 0*n = -4*n + 340. What is the greatest common divisor of 17 and n?
17
Let f = 5 - 1. Suppose -s + 2 = -f. Suppose q + 2*d - 35 = 0, -s*d + 2*d - 92 = -4*q. What is the greatest common factor of 18 and q?
9
Suppose 3*a - 44 = a - 2*r, 106 = 5*a + 4*r. Calculate the highest common factor of a and 2.
2
Let t be (-126)/(-27) + 2/(-3). Suppose -56 = -t*n + 2*p, 2*p - 9 = 5*n - 80. Calculate the greatest common divisor of n and 60.
15
Suppose 4*a - 28 = 40. Let h be 2 - 5/((-10)/(-4)). Suppose 0 = -4*u - h*u + 340. Calculate the highest common divisor of a and u.
17
Let k(a) = 10*a**2 - 2*a. Let r be k(-2). Calculate the highest common factor of 110 and r.
22
Let z be (4/5)/(4/(-20)). Let x = z + 6. Suppose -x*p - 48 = -5*p. Calculate the greatest common factor of 8 and p.
8
Suppose 0 = -4*c + 7 + 13. Let x(j) = 3*j**2 - j - 5. Let h be x(c). Calculate the highest common divisor of 26 and h.
13
Suppose -5*w + 13 = -2*a, 0 = -2*w + 4*a + 25 - 7. Calculate the greatest common divisor of w and 8.
1
Suppose 10*z = 5*z - 10. Let r be (5/2)/(z/(-60)). Calculate the highest common divisor of 30 and r.
15
Let o be 63*(0 - 1)/(-3). Calculate the greatest common factor of o and 14.
7
Let o = -168 + 204. What is the highest common divisor of 24 and o?
12
Let m be (9/(-2))/(6/(-80)). What is the highest common factor of m and 20?
20
Suppose -80 = -0*r - 4*r. Let m be (6/2 - 2) + r. Calculate the highest common divisor of 84 and m.
21
Let b(u) = -u - 4. Let r be b(-7). Let t(x) = -x**2 + 4. Let f be t(0). Suppose l = f*y - 46, -l + 8 = y - r*l. What is the highest common divisor of 84 and y?
12
Let f(l) = -4*l - 5. Suppose a + 2*a = 3, 2*x + 4*a = -4. Let b be f(x). What is the greatest common factor of b and 44?
11
Suppose -226 + 86 = -5*d. Calculate the greatest common divisor of 14 and d.
14
Let m be 40/(-1) + 4/4. Let y = m - -61. Let n = -12 + 45. Calculate the highest common divisor of y and n.
11
Let d be (-2)/(-7) - (3512/(-28))/2. What is the greatest common divisor of d and 7?
7
Let h(a) = -23*a - 6. Let i be h(-6). Suppose 5*j - 2*v = 80 - 22, -v = -5*j + 59. Calculate the highest common factor of i and j.
12
Suppose -x + 2 = -0. Suppose 2*v + 7*j = 3*j + 18, 5*j = 3*v + 6. What is the highest common divisor of x and v?
1
Let g be (-11)/(-4) - 2/(-8). Let n = 7 - g. Suppose 20 + 48 = n*r. Calculate the greatest common divisor of 34 and r.
17
Suppose -5*l = -9*l + 276. Suppose 4*b - 5*r = 327, -r + l = b + 2*r. What is the highest common divisor of b and 26?
26
Let p(d) be the third derivative of d**6/120 - d**5/20 - 7*d**4/24 - d**3/6 - 3*d**2. Let h be p(6). Calculate the greatest common divisor of h and 13.
13
Let v(a) = a**3. Let c be v(0). Suppose -5*g + 3*o + 88 = 17, 3*g - 3*o - 39 = c. What is the highest common divisor of g and 24?
8
Let g(b) = 20*b + 2. Let n be g(4). Let q = n + 71. Let u be (-100)/(-6) + 6/18. Calculate the greatest common factor of u and q.
17
Let g = -210 - -308. Calculate the highest common divisor of g and 14.
14
Let s = 3 - 3. Let m = -3 - s. Let t = 5 + m. Calculate the greatest common factor of t and 4.
2
Suppose 70 - 205 = -3*m. What is the greatest common factor of 495 and m?
45
Let i = 22 + -12. What is the highest common factor of 70 and i?
10
Let h = 10 - 5. Suppose 202 = 4*i - h*f + 2*f, -3*i + 155 = -4*f. Calculate the highest common factor of i and 7.
7
Let a(c) = 18*c**2 + 3*c + 2. Let l be a(-1). Suppose -4*p + 25 = l. Let m = -7 + 13. Calculate the greatest common divisor of p and m.
2
Let k be (48/(-6))/((-1)/(-1)). Let f be 12/k*(-4)/3. Suppose 5*z + 43 + 61 = f*x, 5*z - 148 = -4*x. Calculate the highest common factor of x and 14.
14
Suppose 4*c - 20 = 0, -5*y + 80 = -c + 4*c. Calculate the greatest common factor of 247 and y.
13
Let h be -2 - 5/(15/(-9)). What is the highest common divisor of 7 and h?
1
Let v = -6 - -12. Let i be ((-9)/v)/((-6)/80). Calculate the greatest common factor of 160 and i.
20
Suppose 5*t = 4*n + 66 + 215, 5*t - 282 = 3*n. What is the highest common divisor of t and 19?
19
Let b = 4 + -5. Let l = 1 - b. Let v be (0 + 4)*(-5)/(-10). What is the highest common divisor of l and v?
2
Suppose -y = -0 - 10. Suppose 4*c - y = -c. Suppose -5*o + c*l = -679 + 23, -5*o + 662 = l. What is the highest common divisor of 12 and o?
12
Let t be (-2)/(-9) - 428/(-18). Suppose -37*h + 31*h + 72 = 0. Calculate the greatest common divisor of t and h.
12
Let w be 33/7 + 2/7. Suppose -z = -4*j + 10, -z = -0*z + j + w. Let q = 24 + z. Calculate the greatest common divisor of q and 27.
9
Let t(g) = g**3 + 12*g**2 + 9*g - 11. Let b be t(-11). Suppose -3*f + b = -88. Calculate the greatest common divisor of 66 and f.
33
Suppose 4*w + q = -146, -3*w + q - 144 = -31. Let j = -22 - w. What is the greatest common factor of 15 and j?
15
Suppose -2*j - 18 = f + 47, -2*f = j + 40. Let s = 46 + j. Let k be (-22)/33 + 26/3. Calculate the greatest common factor of s and k.
8
Let t(g) = 16*g - 4. Let r be t(1). What is the greatest common factor of r and 30?
6
Let d(h) = -2*h - 6. Let v be d(-6). Let m(q) = q**3 - 7*q**2 + 7*q - 2. Let u be m(v). Calculate the greatest common divisor of u and 16.
4
Let j be 11/((-11)/10) - -2. Let p be (j/(-10))/(12/1050). Calculate the highest common factor of 7 and p.
7
Let g = -21 - -40. Let c = -8 + g. Suppose 7 = -4*t + 51. Calculate the greatest common divisor of c and t.
11
Let m = 3 - 2. Let b = -22 + 36. Let k = -11 + b. What is the greatest common divisor of k and m?
1
Let t(f) = 7*f + 77. Let w be t(11). Calculate the greatest common factor of w and 28.
14
Suppose w - 5*w = -d + 392, 0 = -2*d + w + 749. Calculate the highest common factor of d and 12.
12
Let g(r) = -r**3 + 7*r**2 - 6*r + 8. Let x be g(5). Let y = 14 + x. Calculate the highest common divisor of y and 6.
6
Let y(i) = i**3 + i**2 - i + 3. Let l be y(3). Suppose 5*b - 2*b = 270. What is the greatest common factor of b and l?
18
Let b(s) be the third derivative of -s**5/60 - 5*s**4/8 - s**3 - 8*s**2. Let h be b(-11). Calculate the highest common factor of 57 and h.
19
Suppose 2*b = b + 4*m - 18, m = 5. Suppose b*u = w + 3, -2*w + 4 = -2*u - 0. Let a = 20 - 13. What is the greatest common factor of w and a?
7
Let y(z) = -5*z**2 - 7*z - 9. Let p(u) = 6*u**2 + 8*u + 10. Let a(w) = -4*p(w) - 5*y(w). Let q be a(5). Calculate the highest common factor of 5 and q.
5
Let i(b) = b - 1. Let d be i(4). Let q be (-2)/5 + (-12)/(-5). Suppose 6 - d = -a, q*a - 214 = -n. Calculate the highest common factor of 20 and n.
20
Let a = 28 - 26. Suppose 2*j = 6*m - 2*m + 36, -a*m - 30 = -2*j. Calculate the highest common factor of j and 48.
12
Let w(t) = 5*t + 1 + 0*t + 2*t - 8*t + 90*t**3. Suppose 4*d - 6*d = -2. Let n be w(d). What is the highest common divisor of 10 and n?
10
Suppose -60 = -73*y + 71*y. What is the greatest common divisor of 30 and y?
30
Suppose -z - z = -28. Suppose -2*m - 2*o + 94 = 0, 3*o + 287 = 5*m + 28. Let r = m - z. Calculate the highest common factor of 9 and r.
9
Suppose -2*w = 2*l - 28, 0*w - 3 = -2*l + 3*w. Calculate the highest common divisor of l and 6.
3
Suppose 0*a + 3*a = -6. Let k be 1/((a/6)/(-1)). Suppose 0 = i - 2*d - 75 - 24, k*i + 2*d = 321. What is the highest common factor of i and 15?
15
Let z be 1299/12 - 1/4. Suppose 3*m - z = -m. Calculate the highest common factor of m and 9.
9
Suppose 5*d + 35 = 5*t, 3*t + 5*d + 12 - 1 = 0. Suppose -4*m + 72 = -t*m. Calculate the highest common factor of 8 and m.
8
Let c = 42 + -15. Calculate the highest common divisor of 9 and c.
9
Let r(x) = x - 19. Let f be r(21). Suppose 0*v - 3*v = 0. Suppose -3*u + 3*z + 0*z + 9 = v, -3*z = f*u - 1. Calculate the highest common divisor of 14 and u.
2
Let v(y) = 2*y**2 - 2*y + 6. Let d be v(-5). Calculate the highest common factor of d and 6.
6
Let r be (-74)/(-14) + (-2)/7. Let y = -2 + 1. Let w(t) = -10*t**3 + t**2 + t. Let i be w(y). What is the highest common divisor of i and r?
5
Let p = 21 + -13. Let a(q) = -q**2 + 9*q + 1. Let v be a(p). Calculate the highest common divisor of 99 and v.
9
Suppose 195 = 7*h - 2*h. Calculate the greatest commo